8
What is the greatest common divisor of 1045 and 80784979?
209
Calculate the highest common factor of 950456 and 400976.
152
What is the highest common factor of 825 and 27399625?
275
Calculate the greatest common factor of 547072479 and 36.
9
What is the greatest common divisor of 1802208 and 212?
4
Calculate the greatest common divisor of 186606425 and 75.
25
What is the greatest common divisor of 4964 and 10726711?
17
What is the highest common factor of 3 and 2084273?
1
Calculate the greatest common factor of 578752 and 253248.
64
What is the highest common factor of 1389575 and 12551?
1793
Calculate the greatest common factor of 605190 and 240.
30
What is the highest common factor of 3922595 and 8965?
815
What is the greatest common factor of 565326 and 942732?
1566
What is the greatest common factor of 1669191 and 237?
237
Calculate the highest common divisor of 196425 and 3540500.
2425
What is the highest common factor of 16693542 and 91853?
2963
Calculate the greatest common factor of 11 and 5741516.
11
Calculate the greatest common factor of 3003 and 3798984189.
3003
What is the highest common divisor of 18722457 and 27?
9
What is the greatest common factor of 96151 and 781?
11
Calculate the greatest common divisor of 1701 and 2292219.
243
Calculate the greatest common divisor of 796 and 5687.
1
What is the greatest common factor of 21686714 and 2128?
266
What is the greatest common factor of 6858 and 603222822?
6858
Calculate the greatest common factor of 170918 and 5406.
34
Calculate the highest common divisor of 30 and 423054330.
30
What is the greatest common divisor of 36711351 and 1908?
477
What is the greatest common factor of 13770 and 1054?
34
Calculate the greatest common factor of 12121 and 10891509.
527
Calculate the highest common divisor of 133753 and 281725.
59
Calculate the greatest common divisor of 920643 and 141459.
2319
Calculate the greatest common divisor of 106932 and 13251.
21
Calculate the highest common factor of 617100 and 1173612.
2244
Calculate the greatest common divisor of 30884 and 530432.
28
Calculate the greatest common factor of 163 and 39146569.
163
Calculate the highest common factor of 8226 and 24264.
18
What is the greatest common factor of 4258900 and 90?
10
Calculate the highest common divisor of 31340960 and 280.
280
Calculate the highest common divisor of 876 and 51780.
12
Calculate the highest common factor of 86 and 270906149.
43
What is the highest common factor of 15613728 and 144?
48
Calculate the highest common divisor of 60990488 and 26.
26
Calculate the greatest common divisor of 30174 and 64202.
94
What is the highest common divisor of 16071333 and 6165?
411
What is the highest common factor of 15024 and 416109712?
5008
Calculate the highest common divisor of 148350449 and 221.
221
Calculate the greatest common factor of 136 and 6854689.
17
What is the highest common divisor of 78372541 and 14567?
2081
What is the greatest common factor of 324292 and 59236?
1004
Calculate the highest common divisor of 12152 and 78021916.
6076
Calculate the greatest common divisor of 89149 and 1325147.
1511
What is the highest common divisor of 1176 and 96453070?
98
What is the highest common divisor of 12027 and 604257?
57
Calculate the highest common factor of 2223561116 and 1582.
1582
What is the highest common divisor of 1840 and 4105?
5
Calculate the highest common divisor of 85740985 and 220.
55
What is the greatest common factor of 594 and 6714198?
54
What is the highest common factor of 5029 and 16309?
47
Calculate the greatest common divisor of 3822229 and 986.
493
What is the greatest common divisor of 21392 and 44464?
112
Calculate the greatest common factor of 41783774 and 361.
19
Calculate the greatest common divisor of 438956 and 5187196.
1708
Calculate the highest common factor of 10241173 and 3462.
577
Calculate the highest common divisor of 128533434 and 8082.
2694
Calculate the greatest common factor of 1187154 and 130290.
606
Calculate the highest common factor of 9452091 and 15378.
33
What is the greatest common divisor of 387222 and 156?
6
Calculate the highest common divisor of 142512 and 2592.
48
Calculate the greatest common factor of 1586839 and 989.
23
What is the highest common divisor of 519039 and 11817?
909
Calculate the highest common factor of 109134021 and 1905.
381
Calculate the highest common divisor of 1356 and 598158042.
678
Calculate the highest common factor of 132 and 53145048.
132
What is the highest common divisor of 15749986 and 2898?
322
What is the highest common divisor of 2840 and 216140?
20
Calculate the highest common factor of 2830250 and 400.
50
Calculate the greatest common divisor of 2977 and 124514.
13
Calculate the greatest common factor of 7213692 and 20387.
551
What is the highest common divisor of 3449598070 and 10?
10
What is the highest common divisor of 1473 and 3363841?
491
Calculate the greatest common factor of 14925 and 355613.
199
Calculate the greatest common factor of 1506147 and 6942.
267
Calculate the greatest common factor of 458948 and 4921.
259
What is the highest common factor of 56740 and 2130?
10
What is the greatest common factor of 633 and 257265?
3
Calculate the greatest common divisor of 39389 and 43399727.
2317
Calculate the highest common factor of 10058 and 1136870827.
5029
Calculate the highest common divisor of 28547400 and 3150.
1050
What is the greatest common factor of 57 and 56447499?
57
Calculate the greatest common divisor of 8374 and 432209.
79
Calculate the greatest common divisor of 2771 and 2629713.
17
What is the highest common divisor of 721232 and 368?
16
What is the greatest common divisor of 162 and 74109492?
162
Calculate the greatest common factor of 258 and 1401944394.
258
What is the highest common factor of 2924 and 547094?
34
Calculate the greatest common factor of 20 and 105414388.
4
Calculate the highest common factor of 27 and 48454551.
27
Calculate the greatest common divisor of 1016 and 100018088.
1016
Calculate the greatest common divisor of 1179 and 156357801.
1179
What is the highest common factor of 6809932 and 276?
92
What is the highest common divisor of 1167156 and 4077?
27
Calculate the highest common divisor of 48737 and 1748.
23
What is the greatest common factor of 242883387 and 27?
27
Calculate the greatest common divisor of 2764352 and 59032.
376
What is the greatest common factor of 36871605 and 30375?
1215
Calculate the greatest common divisor of 864 and 321930.
18
What is the highest common divisor of 2728 and 1343848?
88
What is the highest common factor of 185 and 11395741?
37
What is the highest common factor of 3733680 and 94?
94
What is the greatest common factor of 36112 and 127215805?
2257
What is the highest common factor of 832 and 376909?
13
What is the highest common divisor of 234171 and 4018?
49
Calculate the greatest common divisor of 23887703 and 7.
7
What is the greatest common divisor of 21040203 and 5559?
51
Calculate the greatest common factor of 1801 and 29291464.
1801
What is the greatest common factor of 117 and 9504807?
39
Calculate the highest common factor of 284 and 35372058.
142
What is the greatest common divisor of 3592 and 378018488?
3592
Calculate the greatest common factor of 1327202 and 11.
1
Calculate the greatest common factor of 2175807 and 17460.
291
Calculate the highest common divisor of 765 and 14313405.
255
Calculate the highest common factor of 49 and 37687321.
49
What is the highest common divisor of 3882108 and 300?
12
Calculate the greatest common divisor of 139 and 770887606.
139
Calculate the greatest common factor of 16936 and 1953730.
58
Calculate the highest common divisor of 2121 and 113136867.
303
What is the greatest common factor of 2189 and 1745628?
199
Calculate the highest common factor of 580154 and 66554.
214
What is the highest common factor of 6435672 and 144?
24
What is the greatest common factor of 24295 and 678565?
565
Calculate the greatest common divisor of 335456 and 3091.
11
What is the highest common factor of 395710 and 6640?
10
Calculate the greatest common factor of 1050 and 1370075.
175
What is the greatest common divisor of 465 and 17721480?
15
Calculate the highest common factor of 7833990 and 100